prime factors of b(q).
3, 5
List the prime factors of (48/12 - -3) + 152 + 2.
7, 23
Let r(k) = 4*k**2 - 1. Let l be r(1). Suppose 2*a + 8 = l*y, 3*y - 4*a - 7 = -3*a. Suppose 6*o - 108 = y*o. List the prime factors of o.
3
Suppose 31 = -5*x - 19. Let c be 13 - 2*5/x. List the prime factors of c/6*(-72)/(-4).
2, 3, 7
Let p(o) be the second derivative of 5*o**2/2 + 6*o. Let v(z) = z - 6. Let t(s) = 5*p(s) + 4*v(s). What are the prime factors of t(4)?
17
Suppose 41*q - 75178 = 80950. List the prime factors of q.
2, 7, 17
Suppose 0 = i + 5*n + 22, -14 = 2*n - 4. Suppose 2*u = -0*q + i*q, 4*u - q + 20 = 0. List the prime factors of (-2)/u*(-1 + 25).
2
Suppose -2*d + 1 = 7, 0 = -b + 4*d + 15. Suppose -b*p + 572 = p. Let m = -82 + p. List the prime factors of m.
61
Suppose -s + 3*p = 6, 4 = -s + 7*p - 5*p. Suppose -3*d = b - 139, s*d = -3*b + 5*d + 347. List the prime factors of b.
2, 31
Let i = -20 - -22. Suppose -2*x = -i*l - 25 - 53, 0 = -x + 3*l + 49. What are the prime factors of x?
2, 17
Let a be -2 - (-2 + 2/(-2)). Let b be 5/5 - (-8 + a). Suppose -10 = -b*j + 3*j. What are the prime factors of j?
2
Let u(v) = -7*v + 71. Suppose -p + 7*p = -108. What are the prime factors of u(p)?
197
Let g be (-361)/38*(0 + -26). Let v = -126 + g. List the prime factors of v.
11
Let m = 5058 - 1529. What are the prime factors of m?
3529
Let d(z) = -z**2 - 13*z + 15. Let x be d(-10). Suppose -2*m + x = j, 4*m + 4 = -0. What are the prime factors of j?
47
Let o be ((-10)/25)/(2/(-10)). List the prime factors of o/(2/(-3)) + 48.
3, 5
Let y be (36/45)/((-2)/(-35)). Let q be 1034/y - (-1)/7. Suppose -4*r + 146 = -q. List the prime factors of r.
5, 11
Let s(l) = -4*l**3 - 2*l - 1. Let u be s(-1). Suppose u*x + 0 = 165. List the prime factors of x.
3, 11
Suppose -8*o + 5*o = -3*y - 3342, 5*o = -5*y + 5550. What are the prime factors of o?
2, 139
Suppose -2 = -8*q + 12*q - 2*i, 2*q - 4*i = -16. Suppose 324 = k + q*k + 3*m, m + 222 = 2*k. What are the prime factors of k?
2, 5, 11
Let y(s) = -5*s - 29. Let h be (-1)/((-12)/33*(-1)/4). List the prime factors of y(h).
2, 13
Let q(j) = -j**3 - 19*j**2 + 17*j + 42. What are the prime factors of q(-23)?
3, 19, 31
Suppose -48 = -15*p + 14*p. Suppose 0 = -6*j + 6 + p. Suppose 0 = 2*d - 2*x - 3 - 7, 3*d = -3*x + j. List the prime factors of d.
2
What are the prime factors of 39/(-2)*-14 + 10/(-2)?
2, 67
What are the prime factors of ((-3)/(-2))/((-12)/(-4304))?
2, 269
Let x = -776 + 996. What are the prime factors of x?
2, 5, 11
Suppose 2*p + z - 3895 = 0, p - 4*z = -5*z + 1948. List the prime factors of p.
3, 11, 59
Suppose 0 = 12*q - 4167 - 2457. List the prime factors of q.
2, 3, 23
Let c(v) be the first derivative of v**4/4 - 4*v**3/3 - 3*v**2/2 + 6*v - 1. Let z be c(7). What are the prime factors of (-6)/21 - z/(-21)?
2, 3
Let f = -417 - -1861. What are the prime factors of f?
2, 19
Suppose v + 5 = -0*v, -5*x + 5 = 4*v. Suppose x + 7 = -3*n. Let u(g) = g**3 + 6*g**2 + 6*g + 4. List the prime factors of u(n).
2, 3
Suppose 5*t + 4*h - 7 = 0, -8 = -t - t + h. List the prime factors of (-12)/4 + t - -21.
3, 7
Let a(l) = -l**3 + 5*l**2 + 5*l - 6. Suppose -4*t - 2*c - 70 = t, 2*t = c - 28. Let x = 18 + t. What are the prime factors of a(x)?
2, 3, 5
List the prime factors of (-1)/2 + 3133/2.
2, 3, 29
Let s(z) be the first derivative of -z**3/3 + z**2 - 3*z - 5. Let h(u) = u**2 - u + 4. Let q(p) = 3*h(p) + 2*s(p). List the prime factors of q(-5).
2, 13
Let d(k) = 101*k - 9. List the prime factors of d(2).
193
Let i(z) be the third derivative of -z**4/8 - 13*z**3/6 + 10*z**2. List the prime factors of i(-9).
2, 7
Let u(m) = -14*m + 98. List the prime factors of u(-14).
2, 3, 7
Let i(n) = n**2 + 30. Suppose 4*j + 20 + 64 = 0. Let u = -21 - j. What are the prime factors of i(u)?
2, 3, 5
Let q(f) = 83*f**3 - 6*f**2 + 4*f + 1. List the prime factors of q(1).
2, 41
Let r = -62 + 64. Suppose r*z - 90 = -0*z. List the prime factors of z.
3, 5
Suppose s - 6 = -3*s - 3*d, -19 = -5*s + 2*d. Suppose 4*t - 190 = -2*x, s*t - 468 = -5*x - 0*t. What are the prime factors of x?
3, 31
Let l = 54 + -56. List the prime factors of 0/4 + l - -17*3.
7
What are the prime factors of 4/(16/130)*(22 + -6)?
2, 5, 13
Let h(l) = l**2 + l - 4. Let d be h(-3). Suppose 2*b - b - 14 = -2*q, 0 = -3*b + d*q + 2. Suppose -6 = -2*n + b. What are the prime factors of n?
5
Suppose 17*i = -15*i + 22368. What are the prime factors of i?
3, 233
Suppose c = 2*c - 27. Let l = -77 + c. Let d = 73 + l. What are the prime factors of d?
23
Let d = 6198 + -4018. What are the prime factors of d?
2, 5, 109
Let f be (8/(-4))/2*-11. Let p = f + -25. What are the prime factors of (-2 - p)*(-28)/(-8)?
2, 3, 7
Let m = 578 + -165. What are the prime factors of m?
7, 59
What are the prime factors of -141*(-4)/24*-1*-6?
3, 47
Let w be -2 - 0 - (1 - 2). Let z = 3 + w. Suppose 37 = 4*g + 5*f, z*g + 1 = f + 2. List the prime factors of g.
3
Let x(t) = -2*t**3 + 45*t**2 - 22*t - 12. Let y be x(22). What are the prime factors of (-8)/10*30/y?
2
Suppose 3*b - 23404 = h - 4608, -4*b - 5*h + 25055 = 0. What are the prime factors of b?
5, 7, 179
Let z(f) be the third derivative of -f**5/60 - 5*f**4/24 + f**3 - 6*f**2. Let j be z(-6). Suppose 2*i + 2*g - 30 = i, j = -3*g + 9. List the prime factors of i.
2, 3
Let m(f) = 85*f**2 + 11*f + 10. What are the prime factors of m(-1)?
2, 3, 7
List the prime factors of (19 + -1)/(-1*8/(-208)).
2, 3, 13
Let j(v) = -20*v + 221. What are the prime factors of j(-12)?
461
Let u(b) = -51*b**3 + 2*b**2 + 2*b + 1. Suppose 4*l + 5*s = 34, -5*l - s = -46 + 14. Let a be (-7 + 4)/l*2. What are the prime factors of u(a)?
2, 13
Let m = 716 - -187. What are the prime factors of m?
3, 7, 43
Let d(z) = -5*z + 7. Let o be 6/(-14) + 583/(-77). List the prime factors of d(o).
47
Let y be (-6)/(-1) + (-24)/12. Let h be (-3)/(y/((-16)/(-3))). List the prime factors of h/(-10) - (-156)/10.
2
Let a be (-90)/4*28/(-5). Suppose 0*u - 3*u = -a. What are the prime factors of u - (-1 + 0/1)?
43
Let r(m) = -m**3 + 4*m**2 + 7*m - 8. Let y be r(5). What are the prime factors of (-40)/(2*y/(-22))?
2, 5, 11
Let m(y) = 2*y. Let f(n) = 9 - n**2 - 8*n + 0*n + 16*n. Let w be f(8). List the prime factors of m(w).
2, 3
Suppose 9309 = 4*m - 2*y - 10445, -2*m + 4*y = -9880. What are the prime factors of m?
2, 3, 823
Let q(m) = -7*m - 1. Let d be q(2). Let g = d + 20. What are the prime factors of 5/10 + g/2?
3
Suppose -5*j - 18 = 2*u - 551, j + 5 = 0. What are the prime factors of u?
3, 31
What are the prime factors of 6/(-39) - (0 + 6385/(-13))?
491
List the prime factors of 2*(-11 + 7) + 2985.
13, 229
Let w(l) = -l + 2. Let h(r) = -2*r - 10. Let g be h(-6). Let f be w(g). Suppose t + 5 = -f*t, -2*m + 85 = -5*t. What are the prime factors of m?
2, 3, 5
Let i(m) = 2*m**2 + 7*m - 1. What are the prime factors of i(4)?
59
What are the prime factors of (-13)/((-117)/(-27)) + (1352 - 1)?
2, 337
Suppose t + 4 = 2*t, 5*t - 42 = -2*f. Suppose -o - f = -0. Let g = -7 - o. What are the prime factors of g?
2
Let u = 485 + -335. Let k = u + -125. List the prime factors of k.
5
Let u(n) = -n**3 + 12*n**2 + 3. Let y(j) = -j**2 + 9*j - 5 - 1 + 0*j**2. Let g be y(6). List the prime factors of u(g).
3
Suppose -5*v + 25 = 0, -4 = 2*s - 0*v - 2*v. Let h(z) = -2*z**2 + 7*z - 3. Let b be h(s). Suppose 3*i - 81 = -b*i. What are the prime factors of i?
3
Let a = 52 + -44. Suppose 9*c - 83 = a*c. List the prime factors of c.
83
Let p(f) = -2*f**2 - f - 2 - 4*f**2 + 4*f**3 - 5*f**3. Let c be p(-6). Suppose -17 = -c*y - 5*k, k + 3 = 3*y - 5. What are the prime factors of y?
3
Let g be (2/4)/(1/42). Suppose 2*q - 3 = g. List the prime factors of q.
2, 3
Let q = -74 - 25. Let c = -60 - q. What are the prime factors of c?
3, 13
Suppose 0 = 4*f + 2*u - 664, -u = -5*f - 6*u + 830. List the prime factors of f.
2, 83
Suppose 11750 = 56*d - 9*d. What are the prime factors of d?
2, 5
List the prime factors of 134974/126 - 13 - 4/18.
2, 23
Let a be ((-10)/8)/((-1)/(-8)). Let u = a + 25. What are the prime factors of u?
3, 5
Suppose -4 = 4*i - 68. Let r = i - 13. Suppose r*d + 0*d = 72. List the prime factors of d.
2, 3
Let l(f) = f**3 + 4*f**2 - f - 2. Let o be l(-4). Suppose 0*v - 20 = -o*v. Suppose 2*n + v = 7*n. List the pri